{"id":1005,"date":"2025-04-18T18:28:33","date_gmt":"2025-04-18T18:28:33","guid":{"rendered":"https:\/\/clairewigs.com\/?post_type=product&#038;p=1005"},"modified":"2025-04-18T18:32:18","modified_gmt":"2025-04-18T18:32:18","slug":"coupe-classic","status":"publish","type":"product","link":"https:\/\/clairewigs.com\/index.php\/produkt\/coupe-classic\/","title":{"rendered":"Coupe Classic"},"content":{"rendered":"","protected":false},"excerpt":{"rendered":"<p>Praktisch f\u00fcr den Alltag<br \/>\n\u2013 100% Echthaar<br \/>\n\u2013 L\u00e4nge: 55 cm<br \/>\n\u2013 Volumen: 200 %<br \/>\n\u2013 Farbe : braun<br \/>\n\u2013 Kopf-Umfang: \u00a0Standardgr\u00f6\u00dfe<br \/>\n\u2013 Montur : Monofilament in Front Swisslace<br \/>\nEs besteht die M\u00f6glichkeit, andere Farbe, Gr\u00f6\u00dfe und L\u00e4nge in diesem Modell zu bestellen.<br \/>\n\u2026\u2026\u2026..<br \/>\n\u2022 Sie k\u00f6nnen sich die Per\u00fccke vor Ort in M\u00fclheim Ruhr anschauen und probieren. Kontaktieren Sie unseren Kundenservice unter diesem Link <a href=\"https:\/\/wa.me\/p\/6376367639066591\/491636464571\">https:\/\/wa.me\/p\/6376367639066591\/491636464571<\/a>oder per E-Mail an info@clairewigs.com<\/p>\n","protected":false},"featured_media":1007,"comment_status":"open","ping_status":"closed","template":"","meta":{"jetpack_post_was_ever_published":false},"product_brand":[],"product_cat":[150],"product_tag":[],"class_list":{"0":"post-1005","1":"product","2":"type-product","3":"status-publish","4":"has-post-thumbnail","6":"product_cat-afro-claire-wigs","7":"product_shipping_class-dunkle-peruecke","9":"first","10":"instock","11":"shipping-taxable","12":"purchasable","13":"product-type-simple"},"jetpack_sharing_enabled":true,"jetpack-related-posts":[],"_links":{"self":[{"href":"https:\/\/clairewigs.com\/index.php\/wp-json\/wp\/v2\/product\/1005","targetHints":{"allow":["GET"]}}],"collection":[{"href":"https:\/\/clairewigs.com\/index.php\/wp-json\/wp\/v2\/product"}],"about":[{"href":"https:\/\/clairewigs.com\/index.php\/wp-json\/wp\/v2\/types\/product"}],"replies":[{"embeddable":true,"href":"https:\/\/clairewigs.com\/index.php\/wp-json\/wp\/v2\/comments?post=1005"}],"version-history":[{"count":1,"href":"https:\/\/clairewigs.com\/index.php\/wp-json\/wp\/v2\/product\/1005\/revisions"}],"predecessor-version":[{"id":1011,"href":"https:\/\/clairewigs.com\/index.php\/wp-json\/wp\/v2\/product\/1005\/revisions\/1011"}],"wp:featuredmedia":[{"embeddable":true,"href":"https:\/\/clairewigs.com\/index.php\/wp-json\/wp\/v2\/media\/1007"}],"wp:attachment":[{"href":"https:\/\/clairewigs.com\/index.php\/wp-json\/wp\/v2\/media?parent=1005"}],"wp:term":[{"taxonomy":"product_brand","embeddable":true,"href":"https:\/\/clairewigs.com\/index.php\/wp-json\/wp\/v2\/product_brand?post=1005"},{"taxonomy":"product_cat","embeddable":true,"href":"https:\/\/clairewigs.com\/index.php\/wp-json\/wp\/v2\/product_cat?post=1005"},{"taxonomy":"product_tag","embeddable":true,"href":"https:\/\/clairewigs.com\/index.php\/wp-json\/wp\/v2\/product_tag?post=1005"}],"curies":[{"name":"wp","href":"https:\/\/api.w.org\/{rel}","templated":true}]}}