{"id":1969,"date":"2026-04-07T13:34:23","date_gmt":"2026-04-07T13:34:23","guid":{"rendered":"https:\/\/clairewigs.com\/?post_type=product&#038;p=1969"},"modified":"2026-04-07T13:38:22","modified_gmt":"2026-04-07T13:38:22","slug":"remy-rebecca-deep","status":"publish","type":"product","link":"https:\/\/clairewigs.com\/index.php\/produkt\/remy-rebecca-deep\/","title":{"rendered":"Remy Rebecca Deep"},"content":{"rendered":"","protected":false},"excerpt":{"rendered":"<p>Sch\u00f6ne Lace Per\u00fccke mit flexiblem Scheitelbereich<br \/>\n\u2013 Remyhaar &#8211; Mischhaar<br \/>\n\u2013 L\u00e4nge: ca. 79 cm<br \/>\n\u2013 Volumen: 180 %<br \/>\n\u2013 Farbe: braun mit Str\u00e4hnen<\/p>\n<p>\u2013 Hitzebest\u00e4ndig (unbegrenzt)<br \/>\n\u2013 Kopf-Umfang: standard<br \/>\n\u2013 Montur : Front Lace<br \/>\nEs besteht die M\u00f6glichkeit, andere Farbe, Gr\u00f6\u00dfe und L\u00e4nge in diesem Model zu bestellen. Kontaktieren Sie uns daf\u00fcr unter <a href=\"https:\/\/wa.me\/p\/24073802728885750\/491636464571\">https:\/\/wa.me\/p\/24073802728885750\/491636464571<\/a>oder per Mail an info@clairewigs.com<\/p>\n","protected":false},"featured_media":1970,"comment_status":"open","ping_status":"closed","template":"","meta":{"jetpack_post_was_ever_published":false},"product_brand":[175],"product_cat":[190],"product_tag":[104,32,48,58,121,193],"class_list":{"0":"post-1969","1":"product","2":"type-product","3":"status-publish","4":"has-post-thumbnail","6":"product_brand-claire-wigs","7":"product_cat-remy-peruecken","8":"product_tag-balayage","9":"product_tag-echthaar","10":"product_tag-lace-wigs","11":"product_tag-lang","12":"product_tag-straehnen","13":"product_tag-wellen","14":"product_shipping_class-helle-peruecke","16":"first","17":"instock","18":"shipping-taxable","19":"purchasable","20":"product-type-simple"},"jetpack_sharing_enabled":true,"jetpack-related-posts":[],"_links":{"self":[{"href":"https:\/\/clairewigs.com\/index.php\/wp-json\/wp\/v2\/product\/1969","targetHints":{"allow":["GET"]}}],"collection":[{"href":"https:\/\/clairewigs.com\/index.php\/wp-json\/wp\/v2\/product"}],"about":[{"href":"https:\/\/clairewigs.com\/index.php\/wp-json\/wp\/v2\/types\/product"}],"replies":[{"embeddable":true,"href":"https:\/\/clairewigs.com\/index.php\/wp-json\/wp\/v2\/comments?post=1969"}],"version-history":[{"count":1,"href":"https:\/\/clairewigs.com\/index.php\/wp-json\/wp\/v2\/product\/1969\/revisions"}],"predecessor-version":[{"id":1972,"href":"https:\/\/clairewigs.com\/index.php\/wp-json\/wp\/v2\/product\/1969\/revisions\/1972"}],"wp:featuredmedia":[{"embeddable":true,"href":"https:\/\/clairewigs.com\/index.php\/wp-json\/wp\/v2\/media\/1970"}],"wp:attachment":[{"href":"https:\/\/clairewigs.com\/index.php\/wp-json\/wp\/v2\/media?parent=1969"}],"wp:term":[{"taxonomy":"product_brand","embeddable":true,"href":"https:\/\/clairewigs.com\/index.php\/wp-json\/wp\/v2\/product_brand?post=1969"},{"taxonomy":"product_cat","embeddable":true,"href":"https:\/\/clairewigs.com\/index.php\/wp-json\/wp\/v2\/product_cat?post=1969"},{"taxonomy":"product_tag","embeddable":true,"href":"https:\/\/clairewigs.com\/index.php\/wp-json\/wp\/v2\/product_tag?post=1969"}],"curies":[{"name":"wp","href":"https:\/\/api.w.org\/{rel}","templated":true}]}}